{"version":"1.0","provider_name":"N\u0151 Feles\u00e9g Anya Blog","provider_url":"https:\/\/nofeleseganya.cafeblog.hu","author_name":"N\u0151 Feles\u00e9g Anya Blog","author_url":"https:\/\/nofeleseganya.cafeblog.hu\/author\/no_feleseg_anya\/","title":"Fodr\u00e1sz","html":"Egy \u00faj frizura csod\u00e1kat tesz. Szerintem nem csak n\u0151knek. Gyemekkoromban hossz\u00fa, fen\u00e9kig \u00e9r\u0151 hajam volt, frufruval. Azt\u00e1n a frufru megsz\u0171nt, \u00fagy h\u00e9t\u00e9ves korban, a hossz maradt. El\u0151sz\u00f6r 21 \u00e9vesen v\u00e1gattam r\u00f6vidre, ny\u00e1ron, nem eg\u00e9szen v\u00e1llig \u00e9r\u0151re. Melegem volt. Nagyon. \u00c9s elegem volt a kontyb\u00f3l. Azt\u00e1n telt-m\u00falt az id\u0151, \u00e9s ahogy j\u00f6ttek a gyerekek, \u00fagy r\u00f6vid\u00fclt a hajam. Most augusztusban \u00e9rte el a rekord-r\u00f6vids\u00e9g\u00e9t. A f\u00fclem alj\u00e1ig \u00e9r, \u00e9s h\u00e1trafel\u00e9 r\u00f6vid\u00fcl. Hogy ne l\u00f3gjon a nyakamba. Mit tesz a 40 fok \u00e9s h\u00e1rom gyerek?!\r\n\r\n<a href=\"https:\/\/nofeleseganya.cafeblog.hu\/files\/2013\/08\/haj_r\u00f6vid\u00fcl.jpg\"><img class=\"alignnone size-full wp-image-985\" alt=\"haj_r\u00f6vid\u00fcl\" src=\"https:\/\/nofeleseganya.cafeblog.hu\/files\/2013\/08\/haj_r\u00f6vid\u00fcl.jpg\" width=\"275\" height=\"183\" \/><\/a>\r\n\r\nForr\u00e1s: noipont.hu","type":"rich"}

Nő Feleség Anya Blog

Fodrász

Egy új frizura csodákat tesz. Szerintem nem csak nőknek. Gyemekkoromban hosszú, fenékig érő hajam volt, frufruval. Aztán a frufru megszűnt, úgy hétéves korban, a hossz maradt. Először 21 évesen vágattam rövidre, nyáron, nem egészen vállig érőre. Melegem volt. Nagyon. És elegem volt a kontyból. Aztán telt-múlt az idő, és ahogy jöttek a gyerekek, úgy rövidült a hajam. Most augusztusban érte el a rekord-rövidségét. A fülem aljáig ér, és hátrafelé rövidül. Hogy ne lógjon a nyakamba. Mit tesz a 40 fok és három gyerek?!

<a href="https://nofeleseganya.cafeblog.hu/files/2013/08/haj_rövidül.jpg"><img class="alignnone size-full wp-image-985" alt="haj_rövidül" src="https://nofeleseganya.cafeblog.hu/files/2013/08/haj_rövidül.jpg" width="275" height="183" /></a>

Forrás: noipont.hu
