{"version":"1.0","provider_name":"N\u0151 Feles\u00e9g Anya Blog","provider_url":"https:\/\/nofeleseganya.cafeblog.hu","author_name":"N\u0151 Feles\u00e9g Anya Blog","author_url":"https:\/\/nofeleseganya.cafeblog.hu\/author\/no_feleseg_anya\/","title":"V\u00edziman\u00f3k","html":"Az esti f\u00fcrdet\u00e9s m\u00e1r a kezdet kezdet\u00e9t\u0151l r\u00e9sze a baba mindennapjainak. Sokan szeretik, sokan nem, sokan n\u00e9ha szeretik, n\u00e9ha nem. A te gyermeked hogy viszonyul a f\u00fcrdet\u00e9shez?\r\n\r\nAmikor megsz\u00fclettek az ikreink, nem csak nem\u00fckben voltak elt\u00e9r\u0151ek, hanem egyes szok\u00e1saikban is (term\u00e9szetesen, hiszen k\u00e9t k\u00fcl\u00f6n emberr\u0151l van sz\u00f3!). Ilyen volt p\u00e9ld\u00e1ul a f\u00fcrd\u00e9s szeretete. Kisl\u00e1nyunk boldogan lubickolt, fr\u00f6csk\u00f6lt, mozgott keze-l\u00e1ba, m\u00edg kisfiamat igyekeztem a lehet\u0151 legr\u00f6videbb id\u0151n bel\u00fcl lecsutakolni, mert az els\u0151 n\u00e9h\u00e1ny h\u00f3napban v\u00e9gig ord\u00edtotta az eg\u00e9sz proced\u00far\u00e1t. Azt\u00e1n ez is megv\u00e1ltozott, szerencs\u00e9re oly m\u00f3don, hogy kisfiam is viszonylag megszerette a vizet. Persze nem fr\u00f6csk\u00f6l, nem szereti, ha a szem\u00e9be megy, \u00e9s az arc\u00e1t mai napig olyan \u00f3vatosan mossa meg, hogy csak na. De alapvet\u0151en j\u00f3l viszonyul a dologhoz.\r\n\r\n<a href=\"https:\/\/nofeleseganya.cafeblog.hu\/files\/2014\/11\/habpancsi1_v\u00edzjeles.jpg\"><img class=\"alignnone size-large wp-image-2563\" src=\"https:\/\/nofeleseganya.cafeblog.hu\/files\/2014\/11\/habpancsi1_v\u00edzjeles-600x337.jpg\" alt=\"habpancsi1_v\u00edzjeles\" width=\"600\" height=\"337\" \/><\/a>\r\n\r\nAkkor m\u00e9g nem sejtett\u00fck, hogy csal\u00e1dunkba meg fog \u00e9rkezni egy igazi \"v\u00edziman\u00f3\"! \u0150 pedig nem m\u00e1s, mint a kistes\u00f3! F\u00fcrdetni \u00e9pp az\u00e9rt volt neh\u00e9z, mert mindig ki akart sz\u00e1llni a kezemb\u0151l, bele a v\u00edzbe. Kez\u00e9vel-l\u00e1b\u00e1val r\u00fagkap\u00e1lt, de nem kicsit! Mindenkit \u00f6sszefr\u00f6csk\u00f6lt. Amikor n\u00e9gyk\u00e9zl\u00e1bra \u00e1llt, onnant\u00f3l kezdve nem volt menekv\u00e9s. \u0150 lett a f\u00fcrd\u0151k\u00e1d ura. Kev\u00e9s vizet engedtem, nehogy ellepje. Bele is hasalt, m\u00e9g \u00fasz\u00f3mozg\u00e1sokat is v\u00e9gzett! \u0150 az egyetlen a csal\u00e1dban, akit nem zavar, ha a szem\u00e9be megy a v\u00edz!\r\n\r\nMi\u00f3ta m\u00e1r a \"pici\" is nagyobb lett, h\u00e1rman egy\u00fctt f\u00fcrdenek a k\u00e1dban. A felmos\u00f3rongyok minden nap k\u00e9szenl\u00e9tben vannak \u00e9s v\u00e1rj\u00e1k, mikor kell bevet\u00e9sre indulniuk.\u00a0A v\u00edzben val\u00f3 pancsikol\u00e1s mellett nemr\u00e9giben egy \u00faj dolgot pr\u00f3b\u00e1ltunk ki: a habf\u00fcrd\u0151z\u00e9st. A gyerekeknek nagyon tetszett, gy\u0171jt\u00f6tt\u00e9k a habot, bajuszt, ruh\u00e1t k\u00e9sz\u00edtettek bel\u0151le maguknak. A picin\u00e9l r\u00e9sen kellett lenni, nehogy megegye... J\u00f3 m\u00f3ka ez a habbal, pr\u00f3b\u00e1lj\u00e1tok ki, feldobja a hangulatot, \u00e9s \u00e9rdekes a gyerekek sz\u00e1m\u00e1ra.\r\n\r\nCsak gyermekek sz\u00e1m\u00e1ra aj\u00e1nlott term\u00e9keket haszn\u00e1ljunk a f\u00fcrdet\u00e9shez, n\u00e9zz\u00fck meg j\u00f3l a term\u00e9k csomagol\u00e1s\u00e1n felt\u00fcntetett inform\u00e1ci\u00f3kat!\r\n\r\nA f\u00fcrdet\u00e9st feldobhatjuk kis v\u00edzij\u00e1t\u00e9kokkal is :-)\r\n\r\nHa tetszett, gyere a Facebook-oldalamra is, <strong><a href=\"http:\/\/facebook.com\/nofeleseganyablog\" target=\"_blank\">IDE<\/a><\/strong>!\r\n\r\nEz a bejegyz\u00e9s a N\u0151 Feles\u00e9g Anya Bloggere saj\u00e1t sz\u00f6veg\u00e9t \u00e9s saj\u00e1t fot\u00f3it tartalmazza. Tartsd tiszteletben! K\u00f6sz\u00f6n\u00f6m!\r\n\r\n<a href=\"https:\/\/nofeleseganya.cafeblog.hu\/files\/2014\/11\/f\u00fcrd\u0151kacs\u00e1k_v\u00edzjeles.jpg\"><img class=\"alignnone size-large wp-image-2564\" src=\"https:\/\/nofeleseganya.cafeblog.hu\/files\/2014\/11\/f\u00fcrd\u0151kacs\u00e1k_v\u00edzjeles-600x337.jpg\" alt=\"f\u00fcrd\u0151kacs\u00e1k_v\u00edzjeles\" width=\"600\" height=\"337\" \/><\/a>","type":"rich"}

Nő Feleség Anya Blog

Vízimanók

Az esti fürdetés már a kezdet kezdetétől része a baba mindennapjainak. Sokan szeretik, sokan nem, sokan néha szeretik, néha nem. A te gyermeked hogy viszonyul a fürdetéshez?

Amikor megszülettek az ikreink, nem csak nemükben voltak eltérőek, hanem egyes szokásaikban is (természetesen, hiszen két külön emberről van szó!). Ilyen volt például a fürdés szeretete. Kislányunk boldogan lubickolt, fröcskölt, mozgott keze-lába, míg kisfiamat igyekeztem a lehető legrövidebb időn belül lecsutakolni, mert az első néhány hónapban végig ordította az egész procedúrát. Aztán ez is megváltozott, szerencsére oly módon, hogy kisfiam is viszonylag megszerette a vizet. Persze nem fröcsköl, nem szereti, ha a szemébe megy, és az arcát mai napig olyan óvatosan mossa meg, hogy csak na. De alapvetően jól viszonyul a dologhoz.

<a href="https://nofeleseganya.cafeblog.hu/files/2014/11/habpancsi1_vízjeles.jpg"><img class="alignnone size-large wp-image-2563" src="https://nofeleseganya.cafeblog.hu/files/2014/11/habpancsi1_vízjeles-600x337.jpg" alt="habpancsi1_vízjeles" width="600" height="337" /></a>

Akkor még nem sejtettük, hogy családunkba meg fog érkezni egy igazi "vízimanó"! Ő pedig nem más, mint a kistesó! Fürdetni épp azért volt nehéz, mert mindig ki akart szállni a kezemből, bele a vízbe. Kezével-lábával rúgkapált, de nem kicsit! Mindenkit összefröcskölt. Amikor négykézlábra állt, onnantól kezdve nem volt menekvés. Ő lett a fürdőkád ura. Kevés vizet engedtem, nehogy ellepje. Bele is hasalt, még úszómozgásokat is végzett! Ő az egyetlen a családban, akit nem zavar, ha a szemébe megy a víz!

Mióta már a "pici" is nagyobb lett, hárman együtt fürdenek a kádban. A felmosórongyok minden nap készenlétben vannak és várják, mikor kell bevetésre indulniuk. A vízben való pancsikolás mellett nemrégiben egy új dolgot próbáltunk ki: a habfürdőzést. A gyerekeknek nagyon tetszett, gyűjtötték a habot, bajuszt, ruhát készítettek belőle maguknak. A picinél résen kellett lenni, nehogy megegye... Jó móka ez a habbal, próbáljátok ki, feldobja a hangulatot, és érdekes a gyerekek számára.

Csak gyermekek számára ajánlott termékeket használjunk a fürdetéshez, nézzük meg jól a termék csomagolásán feltüntetett információkat!

A fürdetést feldobhatjuk kis vízijátékokkal is :-)

Ha tetszett, gyere a Facebook-oldalamra is, <strong><a href="http://facebook.com/nofeleseganyablog" target="_blank">IDE</a></strong>!

Ez a bejegyzés a Nő Feleség Anya Bloggere saját szövegét és saját fotóit tartalmazza. Tartsd tiszteletben! Köszönöm!

<a href="https://nofeleseganya.cafeblog.hu/files/2014/11/fürdőkacsák_vízjeles.jpg"><img class="alignnone size-large wp-image-2564" src="https://nofeleseganya.cafeblog.hu/files/2014/11/fürdőkacsák_vízjeles-600x337.jpg" alt="fürdőkacsák_vízjeles" width="600" height="337" /></a>
